{"id":48,"date":"2019-03-06T14:10:57","date_gmt":"2019-03-06T14:10:57","guid":{"rendered":"http:\/\/segurotranquilo.hospedagemdesites.ws\/segurotranquilo\/?page_id=48"},"modified":"2023-12-25T13:08:15","modified_gmt":"2023-12-25T13:08:15","slug":"historia","status":"publish","type":"page","link":"https:\/\/segurotranquilo.com.br\/segurotranquilo\/historia\/","title":{"rendered":"hist\u00f3ria"},"content":{"rendered":"<div  data-label=\"About us\" data-id=\"about-image-section-pro\" data-category=\"about\" class=\"about-image-section-pro\" id=\"about-us-2\" style=\"background-color: rgb(246, 246, 246);\"> <div  class=\"gridContainer\"> <div  class=\"row about-image-gridcol-pro\"> <div  class=\"about-image-textcol-pro\" data-type=\"column\"> <h2  class=\"\">Dezessete anos de hist\u00f3ria de seguran\u00e7a e tranquilidade para nossos clientes<\/h2> <p  class=\"\">&nbsp;Nossa hist\u00f3ria ainda \u00e9 escrita em poucas linhas, mas linhas bem marcadas com um trabalho s\u00e9rio de conquista de nossos clientes atrav\u00e9s de um atendimento diferenciado. A Mazzetti Corretora de Seguros, com registro 050726.1.056796-5 na Susep, iniciou suas atividades em fevereiro de 2007 na cidade de S\u00e3o Carlos, atuando tamb\u00e9m na regi\u00e3o de Sorocaba e metropolitana de S\u00e3o Paulo. Tem como respons\u00e1vel t\u00e9cnico Marcos Mazzetti Siqueira habilitado pela Susep no ano de 2006 com o registro 050626.1.054602-0, atuando no mercado segurador desde 1997.<br >\nA Mazzetti Corretora de Seguros \u00e9 uma empresa din\u00e2mica, atuante e atenta \u00e0s mudan\u00e7as e oportunidades do ramo de seguros. Com mais de 17 anos de atua\u00e7\u00e3o no mercado do interior do Estado de S\u00e3o Paulo, a Mazzetti atende clientes de todos os tamanhos oferecendo muito mais que seguros, uma assessoria completa que vai al\u00e9m da contrata\u00e7\u00e3o de nossos produtos.<\/p> <\/div> <div  data-type=\"column\" class=\"\"> <img  class=\"about-image-img-pro\" src=\"https:\/\/segurotranquilo.com.br\/segurotranquilo\/wp-content\/uploads\/2023\/12\/foto_equipe.jpg\" alt=\"\"> <\/div> <\/div> <\/div> <\/div>","protected":false},"excerpt":{"rendered":"<p>Dezessete anos de hist\u00f3ria de seguran\u00e7a e tranquilidade para nossos clientes &nbsp;Nossa hist\u00f3ria ainda \u00e9 escrita em poucas linhas, mas linhas bem marcadas com um trabalho s\u00e9rio de conquista de nossos clientes atrav\u00e9s de um atendimento diferenciado. A Mazzetti Corretora de Seguros, com registro 050726.1.056796-5 na Susep, iniciou suas atividades em fevereiro de 2007 na&hellip; <br \/> <a class=\"button small blue\" href=\"https:\/\/segurotranquilo.com.br\/segurotranquilo\/2019\/03\/04\/hello-world\/\">Read more<\/a><\/p>\n","protected":false},"author":1,"featured_media":0,"parent":0,"menu_order":0,"comment_status":"closed","ping_status":"closed","template":"full-width-page.php","meta":[],"_links":{"self":[{"href":"https:\/\/segurotranquilo.com.br\/segurotranquilo\/wp-json\/wp\/v2\/pages\/48"}],"collection":[{"href":"https:\/\/segurotranquilo.com.br\/segurotranquilo\/wp-json\/wp\/v2\/pages"}],"about":[{"href":"https:\/\/segurotranquilo.com.br\/segurotranquilo\/wp-json\/wp\/v2\/types\/page"}],"author":[{"embeddable":true,"href":"https:\/\/segurotranquilo.com.br\/segurotranquilo\/wp-json\/wp\/v2\/users\/1"}],"replies":[{"embeddable":true,"href":"https:\/\/segurotranquilo.com.br\/segurotranquilo\/wp-json\/wp\/v2\/comments?post=48"}],"version-history":[{"count":10,"href":"https:\/\/segurotranquilo.com.br\/segurotranquilo\/wp-json\/wp\/v2\/pages\/48\/revisions"}],"predecessor-version":[{"id":474,"href":"https:\/\/segurotranquilo.com.br\/segurotranquilo\/wp-json\/wp\/v2\/pages\/48\/revisions\/474"}],"wp:attachment":[{"href":"https:\/\/segurotranquilo.com.br\/segurotranquilo\/wp-json\/wp\/v2\/media?parent=48"}],"curies":[{"name":"wp","href":"https:\/\/api.w.org\/{rel}","templated":true}]}}